{"id":16,"date":"2018-05-25T12:41:19","date_gmt":"2018-05-25T12:41:19","guid":{"rendered":"http:\/\/tcstemwederberg.de\/?page_id=16"},"modified":"2019-04-16T22:33:43","modified_gmt":"2019-04-16T22:33:43","slug":"impressum","status":"publish","type":"page","link":"https:\/\/tcstemwederberg.de\/?page_id=16","title":{"rendered":"Impressum"},"content":{"rendered":"<p>TC Stemwederberg e.V.<br \/>\nAm Schulzentrum 16<br \/>\n32351 Stemwede-Wehdem<br \/>\nTelefon 05773-1558<br \/>\nFinanzamt L\u00fcbbecke \/ Steuernummer 331\/5851\/0244<br \/>\nEintrag im Vereinsregister beim Amtsgericht Rahden Nr. 0274<\/p>\n<p>Verantwortlich f\u00fcr den Inhalt:<br \/>\n2. Vorsitzender Stephan Niemann<br \/>\nwebmaster@tcstemwederberg.de<br \/>\nStemwederbergstr. 36a<br \/>\n32351 Stemwede-Westrup<\/p>\n<p>Haftungsausschluss<br \/>\nF\u00fcr den Inhalt dieser Homepage kann keine Gew\u00e4hr auf Vollst\u00e4ndigkeit, Aktualit\u00e4t, Korrektheit und Qualit\u00e4t \u00fcbernommen werden. Eventuelle Haftungsanspr\u00fcche gegen\u00fcber dem Autor oder den Betreibern dieser Homepage \u2013 materieller oder ideeller Art \u2013 sind grunds\u00e4tzlich ausgeschlossen. \u00c4nderungen, Erg\u00e4nzungen oder auch L\u00f6schung einzelner Seiten oder der gesamten Homepage seitens des Autors oder der Betreiber sind jederzeit m\u00f6glich. Die Haftung auf Grund von Verweisen auf Internetseiten au\u00dferhalb des Verantwortungsbereichs des Autors oder der Betreiber ist ausgeschlossen. Zum Zeitpunkt der Linksetzung waren diese Seiten frei von illegalen Inhalten; auf die zuk\u00fcnftige Gestaltung der fremden Seiten haben der Autor und die Betreiber dieser Homepage keinen Einfluss.<br \/>\nSollten trotz sorgf\u00e4ltiger Auswahl die Urheberrechte fremder Personen nicht ber\u00fccksichtigt worden sein, so bitten wir um eine Benachrichtigung und werden die entsprechenden Elemente unverz\u00fcglich entfernen.<\/p>\n<p>Mit dem Urteil vom 12.09.99, Az312O85\/99 \u201cHaftung f\u00fcr Links\u201d, entschied das LG Hamburg: Das Einbringen von Links auf einer WebSeite hat zur Folge, dass die Inhalte der gelinkten Seite ggf. mit zu verantworten sind. Dieses kann nur dadurch verhindert werden, dass man sich ausdr\u00fccklich von diesen Inhalten distanziert. Hiermit distanzieren wir uns ausdr\u00fccklich von allen Inhalten verlinkter Seiten oder Grafiken und machen uns deren Inhalt nicht zu Eigen. In keinem Fall sind wir verantwortlich f\u00fcr die Inhalte von Internetseiten, die auf uns verweisen. Wir sind auch nicht in der Lage, Verweise auf uns festzustellen oder zu \u00fcberpr\u00fcfen.<\/p>\n","protected":false},"excerpt":{"rendered":"<p>TC Stemwederberg e.V. Am Schulzentrum 16 32351 Stemwede-Wehdem Telefon 05773-1558 Finanzamt L\u00fcbbecke \/ Steuernummer 331\/5851\/0244 Eintrag im Vereinsregister beim Amtsgericht Rahden Nr. 0274 Verantwortlich f\u00fcr den Inhalt: 2. Vorsitzender Stephan Niemann webmaster@tcstemwederberg.de Stemwederbergstr. 36a 32351 Stemwede-Westrup Haftungsausschluss F\u00fcr den Inhalt dieser Homepage kann keine Gew\u00e4hr auf Vollst\u00e4ndigkeit, Aktualit\u00e4t, Korrektheit und Qualit\u00e4t \u00fcbernommen werden. Eventuelle Haftungsanspr\u00fcche &hellip; <a href=\"https:\/\/tcstemwederberg.de\/?page_id=16\" class=\"more-link\"><span class=\"screen-reader-text\">Impressum<\/span> weiterlesen<\/a><\/p>\n","protected":false},"author":1,"featured_media":0,"parent":0,"menu_order":0,"comment_status":"closed","ping_status":"closed","template":"","meta":{"footnotes":""},"class_list":["post-16","page","type-page","status-publish","hentry"],"_links":{"self":[{"href":"https:\/\/tcstemwederberg.de\/index.php?rest_route=\/wp\/v2\/pages\/16","targetHints":{"allow":["GET"]}}],"collection":[{"href":"https:\/\/tcstemwederberg.de\/index.php?rest_route=\/wp\/v2\/pages"}],"about":[{"href":"https:\/\/tcstemwederberg.de\/index.php?rest_route=\/wp\/v2\/types\/page"}],"author":[{"embeddable":true,"href":"https:\/\/tcstemwederberg.de\/index.php?rest_route=\/wp\/v2\/users\/1"}],"replies":[{"embeddable":true,"href":"https:\/\/tcstemwederberg.de\/index.php?rest_route=%2Fwp%2Fv2%2Fcomments&post=16"}],"version-history":[{"count":4,"href":"https:\/\/tcstemwederberg.de\/index.php?rest_route=\/wp\/v2\/pages\/16\/revisions"}],"predecessor-version":[{"id":54,"href":"https:\/\/tcstemwederberg.de\/index.php?rest_route=\/wp\/v2\/pages\/16\/revisions\/54"}],"wp:attachment":[{"href":"https:\/\/tcstemwederberg.de\/index.php?rest_route=%2Fwp%2Fv2%2Fmedia&parent=16"}],"curies":[{"name":"wp","href":"https:\/\/api.w.org\/{rel}","templated":true}]}}